


{"id":90,"date":"2012-03-05T17:17:30","date_gmt":"2012-03-05T16:17:30","guid":{"rendered":"http:\/\/multiblog.educacion.navarra.es\/pflamarc\/?page_id=90"},"modified":"2012-03-08T23:24:16","modified_gmt":"2012-03-08T22:24:16","slug":"pagina-1","status":"publish","type":"page","link":"https:\/\/multiblog.educacion.navarra.es\/pflamarc\/pagina-1\/","title":{"rendered":"CONSIDERACIONES SOBRE LA ELECCI\u00d3N DEL PROYECTO"},"content":{"rendered":"<p><strong><span style=\"color: #0000ff\">Antes de decidirte por un determinado proyecto o mecanismo, lee con atenci\u00f3n las bases del mismo, y ten en cuenta las cuestiones t\u00e9cnicas, \u00a0 las relativas al PLIEGO DE CONDICIONES que ha de reunir el PROYECTO, as\u00ed como las BASES para la \u00a0elaboraci\u00f3n de la MEMORIA T\u00c9CNICA, su propia defensa y exposici\u00f3n ante el profesorado del Centro.<\/span><\/strong><\/p>\n<div id=\"attachment_135\" style=\"width: 510px\" class=\"wp-caption aligncenter\"><a href=\"http:\/\/multiblog.educacion.navarra.es\/pflamarc\/files\/2012\/03\/DSC_0050.jpg\"><img aria-describedby=\"caption-attachment-135\" loading=\"lazy\" class=\"size-large wp-image-135\" src=\"http:\/\/multiblog.educacion.navarra.es\/pflamarc\/files\/2012\/03\/DSC_0050-1024x680.jpg\" alt=\"\" width=\"500\" height=\"332\" srcset=\"https:\/\/multiblog.educacion.navarra.es\/pflamarc\/files\/2012\/03\/DSC_0050-1024x680.jpg 1024w, https:\/\/multiblog.educacion.navarra.es\/pflamarc\/files\/2012\/03\/DSC_0050-300x199.jpg 300w, https:\/\/multiblog.educacion.navarra.es\/pflamarc\/files\/2012\/03\/DSC_0050.jpg 1050w\" sizes=\"(max-width: 500px) 100vw, 500px\" \/><\/a><p id=\"caption-attachment-135\" class=\"wp-caption-text\">Alumnado en el Aula de Dise\u00f1o<\/p><\/div>\n<h2><em><span style=\"color: #0000ff\">BASES para \u00a0ELABORAR y REGISTRAR la MEMORIA T\u00c9CNICA del PROYECTO.<\/span><\/em><\/h2>\n<h3>\u00b7\u00a0\u00a0\u00a0\u00a0\u00a0\u00a0\u00a0<span style=\"color: #ff0000\">\u00a0 Cualquier mecanismo de los desarrollados a lo largo de los dos cursos (troqueles de corte, \u00fatiles de embutici\u00f3n-corte-estampaci\u00f3n y o moldes para fundici\u00f3n y\/o inyecci\u00f3n.<\/span><\/h3>\n<h3><span style=\"color: #ff0000\">el proyecto que se ha elegido pudiera haberse elaborado en equipo, sin embargo, se exige que cada uno elabore, presente y exponga su respectiva memoria t\u00e9cnica.<\/span><\/h3>\n<ul>\n<li><strong>La elaboraci\u00f3n de algunos de los apartados de la MEMORIA T\u00c9CNICA, podr\u00e1 hacerse en parejas.<\/strong><\/li>\n<li><strong>El Dossier-MEMORIA que se elabore, podr\u00e1 contener un n\u00famero ilimitado de planos y de hojas, e incluir fotograf\u00edas, blogs, y cuantos recursos multimedia o digitales se estime conveniente para definir adecuadamente el proyecto y los distintos apartados de su MEMORIA T\u00c9CNICA.<\/strong><\/li>\n<li><strong>Cuando se utilice alg\u00fan plano, fotograf\u00eda, o alg\u00fan recurso digital que no es de elaboraci\u00f3n propia, se citar\u00e1 SIEMPRE la fuente y autor\u00eda del mismo.<\/strong><\/li>\n<li><strong>La duraci\u00f3n del m\u00f3dulo de PROYECTO es de 30 horas, o 6 cr\u00e9ditos ECTS(150 horas de trabajo en total). Su ejecuci\u00f3n se realizar\u00e1 durante el mes de abril y de mayo de 2012, pudiendo \u00a0combinarse \u00a0la realizaci\u00f3n de la FCT con la de PROYECTO. El profesor a trav\u00e9s de la plataforma Moodle del Centro, indicar\u00e1 y pautar\u00e1 las distintas tareas y actividades que se han de ir sucediendo durante estos dos \u00a0meses. Dada las limitaciones de la mensajer\u00eda, se ha habilitado una cuenta de gmail para cada uno de los alumnos, al objeto de interactuar durante todo este tiempo, siendo la cuenta y dominio del centro, v\u00e1lida para otras promociones.<\/strong><\/li>\n<li><strong><span style=\"color: #ff0000\">La Memoria del PROYECTO SE ENTREGAR\u00c1 \u00a0al profesor antes del 1 de junio de 2012, en SOPORTE DIGITAL mediante un DVD regrabable o mediante un pendrive. Se guardar\u00e1 hasta el mes de enero del siguiente curso, tiempo en el que el alumno podr\u00e1 requerirla.<\/span><\/strong><\/li>\n<li><strong><span style=\"color: #ff0000\">Ser\u00e1 condici\u00f3n necesaria y no suficiente, elaborar la MEMORIA T\u00c9CNICA para poder aprobar el m\u00f3dulo del PROYECTO <span style=\"color: #0000ff\">(M\u00d3DULO U 32, Dise\u00f1o Curricular BON 33 \/2010).<\/span><\/span><\/strong><\/li>\n<li><span style=\"color: #ff0000\"><span style=\"color: #0000ff\">Ejemplo de presentaci\u00f3n de un troquel de corte <a title=\"ejemplo de presentaci\u00f3n en 3D\" href=\"http:\/\/youtu.be\/rxr49wAxsfw\">(pincha aqu\u00ed)<\/a><br \/>\n<\/span><\/span><\/li>\n<\/ul>\n","protected":false},"excerpt":{"rendered":"<p>Antes de decidirte por un determinado proyecto o mecanismo, lee con atenci\u00f3n las bases del mismo, y ten en cuenta las cuestiones t\u00e9cnicas, \u00a0 las relativas al PLIEGO DE CONDICIONES que ha de reunir el PROYECTO, as\u00ed como las BASES &hellip; <a href=\"https:\/\/multiblog.educacion.navarra.es\/pflamarc\/pagina-1\/\">Sigue leyendo <span class=\"meta-nav\">&rarr;<\/span><\/a><\/p>\n","protected":false},"author":33,"featured_media":134,"parent":0,"menu_order":0,"comment_status":"open","ping_status":"open","template":"","meta":[],"_links":{"self":[{"href":"https:\/\/multiblog.educacion.navarra.es\/pflamarc\/wp-json\/wp\/v2\/pages\/90"}],"collection":[{"href":"https:\/\/multiblog.educacion.navarra.es\/pflamarc\/wp-json\/wp\/v2\/pages"}],"about":[{"href":"https:\/\/multiblog.educacion.navarra.es\/pflamarc\/wp-json\/wp\/v2\/types\/page"}],"author":[{"embeddable":true,"href":"https:\/\/multiblog.educacion.navarra.es\/pflamarc\/wp-json\/wp\/v2\/users\/33"}],"replies":[{"embeddable":true,"href":"https:\/\/multiblog.educacion.navarra.es\/pflamarc\/wp-json\/wp\/v2\/comments?post=90"}],"version-history":[{"count":0,"href":"https:\/\/multiblog.educacion.navarra.es\/pflamarc\/wp-json\/wp\/v2\/pages\/90\/revisions"}],"wp:featuredmedia":[{"embeddable":true,"href":"https:\/\/multiblog.educacion.navarra.es\/pflamarc\/wp-json\/wp\/v2\/media\/134"}],"wp:attachment":[{"href":"https:\/\/multiblog.educacion.navarra.es\/pflamarc\/wp-json\/wp\/v2\/media?parent=90"}],"curies":[{"name":"wp","href":"https:\/\/api.w.org\/{rel}","templated":true}]}}

CONSIDERACIONES SOBRE LA ELECCIÓN DEL PROYECTO

<p><strong><span style="color: #0000ff">Antes de decidirte por un determinado proyecto o mecanismo, lee con atención las bases del mismo, y ten en cuenta las cuestiones técnicas,   las relativas al PLIEGO DE CONDICIONES que ha de reunir el PROYECTO, así como las BASES para la  elaboración de la MEMORIA TÉCNICA, su propia defensa y exposición ante el profesorado del Centro.</span></strong></p>
<div id="attachment_135" style="width: 510px" class="wp-caption aligncenter"><a href="http://multiblog.educacion.navarra.es/pflamarc/files/2012/03/DSC_0050.jpg"><img aria-describedby="caption-attachment-135" loading="lazy" class="size-large wp-image-135" src="http://multiblog.educacion.navarra.es/pflamarc/files/2012/03/DSC_0050-1024x680.jpg" alt="" width="500" height="332" srcset="https://multiblog.educacion.navarra.es/pflamarc/files/2012/03/DSC_0050-1024x680.jpg 1024w, https://multiblog.educacion.navarra.es/pflamarc/files/2012/03/DSC_0050-300x199.jpg 300w, https://multiblog.educacion.navarra.es/pflamarc/files/2012/03/DSC_0050.jpg 1050w" sizes="(max-width: 500px) 100vw, 500px" /></a><p id="caption-attachment-135" class="wp-caption-text">Alumnado en el Aula de Diseño</p></div>
<h2><em><span style="color: #0000ff">BASES para  ELABORAR y REGISTRAR la MEMORIA TÉCNICA del PROYECTO.</span></em></h2>
<h3>·       <span style="color: #ff0000">  Cualquier mecanismo de los desarrollados a lo largo de los dos cursos (troqueles de corte, útiles de embutición-corte-estampación y o moldes para fundición y/o inyección.</span></h3>
<h3><span style="color: #ff0000">el proyecto que se ha elegido pudiera haberse elaborado en equipo, sin embargo, se exige que cada uno elabore, presente y exponga su respectiva memoria técnica.</span></h3>
<ul>
<li><strong>La elaboración de algunos de los apartados de la MEMORIA TÉCNICA, podrá hacerse en parejas.</strong></li>
<li><strong>El Dossier-MEMORIA que se elabore, podrá contener un número ilimitado de planos y de hojas, e incluir fotografías, blogs, y cuantos recursos multimedia o digitales se estime conveniente para definir adecuadamente el proyecto y los distintos apartados de su MEMORIA TÉCNICA.</strong></li>
<li><strong>Cuando se utilice algún plano, fotografía, o algún recurso digital que no es de elaboración propia, se citará SIEMPRE la fuente y autoría del mismo.</strong></li>
<li><strong>La duración del módulo de PROYECTO es de 30 horas, o 6 créditos ECTS(150 horas de trabajo en total). Su ejecución se realizará durante el mes de abril y de mayo de 2012, pudiendo  combinarse  la realización de la FCT con la de PROYECTO. El profesor a través de la plataforma Moodle del Centro, indicará y pautará las distintas tareas y actividades que se han de ir sucediendo durante estos dos  meses. Dada las limitaciones de la mensajería, se ha habilitado una cuenta de gmail para cada uno de los alumnos, al objeto de interactuar durante todo este tiempo, siendo la cuenta y dominio del centro, válida para otras promociones.</strong></li>
<li><strong><span style="color: #ff0000">La Memoria del PROYECTO SE ENTREGARÁ  al profesor antes del 1 de junio de 2012, en SOPORTE DIGITAL mediante un DVD regrabable o mediante un pendrive. Se guardará hasta el mes de enero del siguiente curso, tiempo en el que el alumno podrá requerirla.</span></strong></li>
<li><strong><span style="color: #ff0000">Será condición necesaria y no suficiente, elaborar la MEMORIA TÉCNICA para poder aprobar el módulo del PROYECTO <span style="color: #0000ff">(MÓDULO U 32, Diseño Curricular BON 33 /2010).</span></span></strong></li>
<li><span style="color: #ff0000"><span style="color: #0000ff">Ejemplo de presentación de un troquel de corte <a title="ejemplo de presentación en 3D" href="http://youtu.be/rxr49wAxsfw">(pincha aquí)</a><br />
</span></span></li>
</ul>

<p>Antes de decidirte por un determinado proyecto o mecanismo, lee con atención las bases del mismo, y ten en cuenta las cuestiones técnicas,   las relativas al PLIEGO DE CONDICIONES que ha de reunir el PROYECTO, así como las BASES &hellip; <a href="https://multiblog.educacion.navarra.es/pflamarc/pagina-1/">Sigue leyendo <span class="meta-nav">&rarr;</span></a></p>
