


{"id":24,"date":"2012-01-30T23:29:18","date_gmt":"2012-01-30T22:29:18","guid":{"rendered":"http:\/\/multiblog.educacion.navarra.es\/pflamarc\/?page_id=24"},"modified":"2012-03-07T00:34:21","modified_gmt":"2012-03-06T23:34:21","slug":"proyecto-de-diseno-en-fabricacion-mecanica","status":"publish","type":"page","link":"https:\/\/multiblog.educacion.navarra.es\/pflamarc\/","title":{"rendered":"M\u00d3DULO PROYECTO"},"content":{"rendered":"<p>En el M\u00f3dulo de <strong><span style=\"color: #ff0000\">PROYECTO<\/span><\/strong> del ciclo formativo de grado superior de &#8220;DISE\u00d1O EN FABRICACI\u00d3N MEC\u00c1NICA&#8221;, se deber\u00e1 poner \u00a0de manifiesto el conjunto de competencias profesionales, personales y sociales que el alumnado ha desarrollado en el conjunto de los m\u00f3dulos del ciclo formativo.<\/p>\n<p>La <span style=\"color: #ff0000\">APROBACI\u00d3N<\/span> del m\u00f3dulo completar\u00e1 la evaluaci\u00f3n POSITIVA del conjunto de m\u00f3dulos formativos que contempla el Ciclo (ver Orden Foral 33\/2010). Para ello, ser\u00e1 necesario elaborar y registrar la \u00a0<strong><span style=\"color: #ff0000\">MEMORIA T\u00c9CNICA<\/span><\/strong> de un determinado Proyecto, as\u00ed como defender los distintos apartados que integran dicha memoria \u00a0ante el profesor.<\/p>\n<div id=\"attachment_113\" style=\"width: 510px\" class=\"wp-caption aligncenter\"><a href=\"http:\/\/multiblog.educacion.navarra.es\/pflamarc\/files\/2012\/01\/DSC_0031.jpg\"><img aria-describedby=\"caption-attachment-113\" loading=\"lazy\" class=\"size-large wp-image-113 \" src=\"http:\/\/multiblog.educacion.navarra.es\/pflamarc\/files\/2012\/01\/DSC_0031-1024x680.jpg\" alt=\"Defensa del proyecto seleccionado\" width=\"500\" height=\"332\" srcset=\"https:\/\/multiblog.educacion.navarra.es\/pflamarc\/files\/2012\/01\/DSC_0031-1024x680.jpg 1024w, https:\/\/multiblog.educacion.navarra.es\/pflamarc\/files\/2012\/01\/DSC_0031-300x199.jpg 300w, https:\/\/multiblog.educacion.navarra.es\/pflamarc\/files\/2012\/01\/DSC_0031.jpg 1050w\" sizes=\"(max-width: 500px) 100vw, 500px\" \/><\/a><p id=\"caption-attachment-113\" class=\"wp-caption-text\">Defensa que hace el alumnado, del proyecto que previamente ha dise\u00f1ado.<\/p><\/div>\n<p style=\"text-align: center\"><em><strong><span style=\"color: #ff0000\">FECHA DE ENTREGA Y EVALUACI\u00d3N<\/span>:<\/strong><\/em><\/p>\n<p><em><strong><span style=\"color: #0000ff\">Entrega MEMORIA T\u00c9CNICA, 1 junio de 2012; \u00a0 \u00a0 \u00a0 \u00a080% NOTA FINAL<\/span><\/strong><\/em><\/p>\n<p><em><strong><span style=\"color: #0000ff\">Exposici\u00f3n del \u00a0PROYECTO, 15 \u00a0 junio de 2012; \u00a0 \u00a0 \u00a0 20 % NOTA FINAL<\/span><\/strong><\/em><\/p>\n<h4 style=\"text-align: center\"><strong><span style=\"color: #ff0000\">APARTADOS de la MEMORIA T\u00c9CNICA<\/span>:<\/strong><\/h4>\n<div>\n<ol>\n<li>\n<h4><strong>\u00a0 \u00a0 \u00a0 \u00a0\u00cdndice \u00a0de la MEMORIA DEL \u00a0PROYECTO.<\/strong><\/h4>\n<\/li>\n<li>\n<h4><strong>\u00a0 \u00a0 \u00a0 \u00a0 \u00a0 \u00a0 \u00a0 \u00a0 \u00a0\u00a0<\/strong><strong>Descripci\u00f3n de las COMPETENCIAS que se pondr\u00e1n de manifiesto en el proceso de elaboraci\u00f3n, defensa y autoevaluaci\u00f3n.<\/strong><\/h4>\n<\/li>\n<li>\n<h4><strong>\u00a0 \u00a0 \u00a0 \u00a0 \u00a0 \u00a0 \u00a0 \u00a0 \u00a0\u00a0Justificaci\u00f3n del proyecto elegido.<\/strong><\/h4>\n<\/li>\n<li>\n<h4><strong>\u00a0 \u00a0 \u00a0 \u00a0 \u00a0 \u00a0 \u00a0 \u00a0 \u00a0\u00a0Objetivo general y Objetivos espec\u00edficos.<\/strong><\/h4>\n<\/li>\n<li>\n<h4><strong>\u00a0 \u00a0 \u00a0 \u00a0 \u00a0 \u00a0 \u00a0 \u00a0 \u00a0\u00a0PLANOS. CONJUNTO Y DESPIECE.<\/strong><\/h4>\n<\/li>\n<li>\n<h4><strong>\u00a0 \u00a0 \u00a0 \u00a0 \u00a0 \u00a0 \u00a0 \u00a0 \u00a0\u00a0M\u00e9todos y t\u00e9cnicas utilizados en diferentes procesos de fabricaci\u00f3n de algunas de las piezas del conjunto o mecanismo (arranque de viruta, moldeado, fundici\u00f3n, estampaci\u00f3n, inyecci\u00f3n, prototipado, etc).<\/strong><\/h4>\n<\/li>\n<li>\n<h4><strong>\u00a0 \u00a0 \u00a0 \u00a0 \u00a0 \u00a0 \u00a0 \u00a0 \u00a0Descripci\u00f3n e \u00a0ilustraci\u00f3n de los procesos\u00a0 control de la calidad del producto y del proceso, en los procesos de obtenci\u00f3n y\u00a0 montaje-AMFE producto y proceso-.<\/strong><\/h4>\n<\/li>\n<li>\n<h4><strong>\u00a0 \u00a0 \u00a0 \u00a0 \u00a0 \u00a0 \u00a0 \u00a0 \u00a0\u00a0Cronograma- PERT- de alguno de los procesos de fabricaci\u00f3n.<\/strong><\/h4>\n<\/li>\n<li>\n<h4><strong>\u00a0 \u00a0 \u00a0 \u00a0 \u00a0 \u00a0 \u00a0\u00a0Costes de producci\u00f3n y obtenci\u00f3n de las diferentes piezas.<\/strong><\/h4>\n<\/li>\n<li>\n<h4><strong>\u00a0 \u00a0 \u00a0 \u00a0 \u00a0 \u00a0 \u00a0\u00a0Recursos humanos necesarios para su producci\u00f3n. Condiciones contractuales.<\/strong><\/h4>\n<\/li>\n<li>\n<h4><strong>\u00a0 \u00a0 \u00a0 \u00a0 \u00a0 \u00a0 \u00a0\u00a0Recursos materiales y financieros. Amortizaci\u00f3n de equipamientos.<\/strong><\/h4>\n<\/li>\n<li>\n<h4><strong>\u00a0 \u00a0 \u00a0 \u00a0 \u00a0 \u00a0 \u00a0\u00a0C\u00e1lculo de los costos de ejecuci\u00f3n y elaboraci\u00f3n de alguna de las piezas, en las que se refleje la hoja de proceso que contempla el coste del tiempo de fabricaci\u00f3n. Presupuesto total.<\/strong><\/h4>\n<\/li>\n<li>\n<h4><strong>\u00a0 \u00a0 \u00a0 \u00a0 \u00a0 \u00a0 \u00a0\u00a0Consideraciones que deber\u00e1n tener en cuenta las empresas que fabriquen o comercialicen el producto, \u00a0en el marco de la prevenci\u00f3n de riesgos laborales, medioambiente y gesti\u00f3n de la calidad.<\/strong><\/h4>\n<\/li>\n<li>\n<h4><strong>\u00a0 \u00a0 \u00a0 \u00a0 \u00a0 \u00a0 \u00a0\u00a0Mantenimiento y servicio postventa. Responsabilidad Social Corporativa.<\/strong><\/h4>\n<\/li>\n<li>\n<h4><strong>\u00a0 \u00a0 \u00a0 \u00a0 \u00a0 \u00a0 \u00a0\u00a0EVALUACI\u00d3N DE LA MEMORIA T\u00c9CNICA.<\/strong><\/h4>\n<\/li>\n<li>\n<h4><strong>\u00a0 \u00a0 \u00a0 \u00a0 \u00a0 \u00a0 \u00a0\u00a0EVALUACI\u00d3N DEL PROYECTO.<\/strong><\/h4>\n<\/li>\n<li>\n<h4><strong>\u00a0 \u00a0 \u00a0 \u00a0 \u00a0 \u00a0 \u00a0\u00a0PRESENTACI\u00d3N DEL PROYECTO (en soporte inform\u00e1tico, y verbal, ante comisi\u00f3n de evaluaci\u00f3n del proyecto, en un m\u00e1ximo de 30 minutos).<\/strong><\/h4>\n<\/li>\n<li>\n<h4><strong>\u00a0 \u00a0 \u00a0 \u00a0 \u00a0 \u00a0 \u00a0\u00a0CO-EVALUACI\u00d3N DEL M\u00d3DULO DE PROYECTO DEL CFGS DISE\u00d1O EN FABRICACI\u00d3N MEC\u00c1NICA.<\/strong><\/h4>\n<\/li>\n<li>\n<h4><strong>\u00a0 \u00a0 \u00a0 \u00a0 \u00a0 \u00a0 \u00a0\u00a0BIBLIOGRAF\u00cdA, SOFTWARE Y RECURSOS UTILIZADOS EN EL TRABAJO DE CAMPO, PRESENTACI\u00d3N Y ELABORACI\u00d3N DE LOS DIFERENTES APARTADOS DE LA MEMORIA.<\/strong><\/h4>\n<\/li>\n<li>\n<h4><strong>OBSERVACIONES.<\/strong><\/h4>\n<\/li>\n<\/ol>\n<\/div>\n<p>&nbsp;<\/p>\n","protected":false},"excerpt":{"rendered":"<p>En el M\u00f3dulo de PROYECTO del ciclo formativo de grado superior de &#8220;DISE\u00d1O EN FABRICACI\u00d3N MEC\u00c1NICA&#8221;, se deber\u00e1 poner \u00a0de manifiesto el conjunto de competencias profesionales, personales y sociales que el alumnado ha desarrollado en el conjunto de los m\u00f3dulos &hellip; <a href=\"https:\/\/multiblog.educacion.navarra.es\/pflamarc\/\">Sigue leyendo <span class=\"meta-nav\">&rarr;<\/span><\/a><\/p>\n","protected":false},"author":33,"featured_media":58,"parent":0,"menu_order":1,"comment_status":"closed","ping_status":"closed","template":"","meta":[],"_links":{"self":[{"href":"https:\/\/multiblog.educacion.navarra.es\/pflamarc\/wp-json\/wp\/v2\/pages\/24"}],"collection":[{"href":"https:\/\/multiblog.educacion.navarra.es\/pflamarc\/wp-json\/wp\/v2\/pages"}],"about":[{"href":"https:\/\/multiblog.educacion.navarra.es\/pflamarc\/wp-json\/wp\/v2\/types\/page"}],"author":[{"embeddable":true,"href":"https:\/\/multiblog.educacion.navarra.es\/pflamarc\/wp-json\/wp\/v2\/users\/33"}],"replies":[{"embeddable":true,"href":"https:\/\/multiblog.educacion.navarra.es\/pflamarc\/wp-json\/wp\/v2\/comments?post=24"}],"version-history":[{"count":0,"href":"https:\/\/multiblog.educacion.navarra.es\/pflamarc\/wp-json\/wp\/v2\/pages\/24\/revisions"}],"wp:featuredmedia":[{"embeddable":true,"href":"https:\/\/multiblog.educacion.navarra.es\/pflamarc\/wp-json\/wp\/v2\/media\/58"}],"wp:attachment":[{"href":"https:\/\/multiblog.educacion.navarra.es\/pflamarc\/wp-json\/wp\/v2\/media?parent=24"}],"curies":[{"name":"wp","href":"https:\/\/api.w.org\/{rel}","templated":true}]}}