


{"id":141,"date":"2013-01-19T18:05:22","date_gmt":"2013-01-19T16:05:22","guid":{"rendered":"http:\/\/multiblog.educacion.navarra.es\/jballabr\/?page_id=141"},"modified":"2013-01-19T18:05:22","modified_gmt":"2013-01-19T16:05:22","slug":"estadistica-matematica","status":"publish","type":"page","link":"https:\/\/multiblog.educacion.navarra.es\/jballabr\/material-de-trabajo\/presentaciones\/estadistica-matematica\/","title":{"rendered":"Estad\u00edstica matem\u00e1tica"},"content":{"rendered":"<p>Un poco de estad\u00edstica descriptiva. Con ejemplos para afianzar los conceptos<\/p>\n<iframe src=\"https:\/\/www.slideshare.net\/slideshow\/embed_code\/16010174\" width=\"640\" height=\"519\" frameborder=\"0\" marginwidth=\"0\" marginheight=\"0\" scrolling=\"no\"><\/iframe><br\/>\n","protected":false},"excerpt":{"rendered":"<p>Un poco de estad\u00edstica descriptiva. Con ejemplos para afianzar los conceptos<\/p>\n","protected":false},"author":59,"featured_media":0,"parent":102,"menu_order":0,"comment_status":"open","ping_status":"open","template":"","meta":[],"_links":{"self":[{"href":"https:\/\/multiblog.educacion.navarra.es\/jballabr\/wp-json\/wp\/v2\/pages\/141"}],"collection":[{"href":"https:\/\/multiblog.educacion.navarra.es\/jballabr\/wp-json\/wp\/v2\/pages"}],"about":[{"href":"https:\/\/multiblog.educacion.navarra.es\/jballabr\/wp-json\/wp\/v2\/types\/page"}],"author":[{"embeddable":true,"href":"https:\/\/multiblog.educacion.navarra.es\/jballabr\/wp-json\/wp\/v2\/users\/59"}],"replies":[{"embeddable":true,"href":"https:\/\/multiblog.educacion.navarra.es\/jballabr\/wp-json\/wp\/v2\/comments?post=141"}],"version-history":[{"count":0,"href":"https:\/\/multiblog.educacion.navarra.es\/jballabr\/wp-json\/wp\/v2\/pages\/141\/revisions"}],"up":[{"embeddable":true,"href":"https:\/\/multiblog.educacion.navarra.es\/jballabr\/wp-json\/wp\/v2\/pages\/102"}],"wp:attachment":[{"href":"https:\/\/multiblog.educacion.navarra.es\/jballabr\/wp-json\/wp\/v2\/media?parent=141"}],"curies":[{"name":"wp","href":"https:\/\/api.w.org\/{rel}","templated":true}]}}