


{"id":78,"date":"2011-01-25T13:42:26","date_gmt":"2011-01-25T11:42:26","guid":{"rendered":"http:\/\/multiblog.educacion.navarra.es\/fpagolag\/"},"modified":"2011-01-25T16:37:08","modified_gmt":"2011-01-25T14:37:08","slug":"aikido","status":"publish","type":"page","link":"https:\/\/multiblog.educacion.navarra.es\/fpagolag\/aikido\/","title":{"rendered":"Aikido"},"content":{"rendered":"<p style=\"text-align: center\">\n<div id=\"attachment_80\" style=\"width: 333px\" class=\"wp-caption aligncenter\"><a href=\"http:\/\/multiblog.educacion.navarra.es\/fpagolag\/files\/2011\/01\/kanjih3b.gif\"><img aria-describedby=\"caption-attachment-80\" loading=\"lazy\" class=\"size-full wp-image-80 \" src=\"http:\/\/multiblog.educacion.navarra.es\/fpagolag\/files\/2011\/01\/kanjih3b.gif\" alt=\"Aikido\" width=\"333\" height=\"115\" srcset=\"https:\/\/multiblog.educacion.navarra.es\/fpagolag\/files\/2011\/01\/kanjih3b.gif 333w, https:\/\/multiblog.educacion.navarra.es\/fpagolag\/files\/2011\/01\/kanjih3b-300x103.gif 300w\" sizes=\"(max-width: 333px) 100vw, 333px\" \/><\/a><p id=\"caption-attachment-80\" class=\"wp-caption-text\">Aikido<\/p><\/div>\n<p style=\"text-align: right\"><em>&#8220;Un movimiento del Aikido tiene, con frecuencia, una trayectoria espiral o esf\u00e9rica&#8230;&#8221;<\/em><cite><\/cite><\/p>\n<p style=\"text-align: justify\">El <a title=\"aikido\" href=\"http:\/\/es.wikipedia.org\/wiki\/Aikid%C5%8D\" target=\"_blank\">Aikido<\/a> es una magn\u00edfica s\u00edntesis de las Artes Marciales del Jap\u00f3n. En \u00e9l se ve cristalizada la larga e intensa tradici\u00f3n del <a title=\"budo\" href=\"http:\/\/es.wikipedia.org\/wiki\/Budo\" target=\"_blank\">Budo<\/a> (el Camino del <a title=\"samurai\" href=\"http:\/\/es.wikipedia.org\/wiki\/Samurai\" target=\"_blank\">Samurai<\/a>). Es una aut\u00e9ntica ciencia del combate. La t\u00e9cnica del Aikido consiste en el m\u00e1ximo aprovechamiento de la inercia del atacante, armonizando con su movimiento y neutralizando as\u00ed la fuerza agresiva hasta que el otro se quede completamente reducido y dominado. Un movimiento del aikido tiene, con frecuencia, una trayectoria espiral o esf\u00e9rica. No existe la resistencia y siempre se mueve a favor de la fuerza del otro, lo cual es, en realidad, la base com\u00fan y fundamental de las Artes Marciales japonesas. Sin embargo, la caracter\u00edstica de la t\u00e9cnica del Aikido es utilizar siempre la energ\u00eda (fuerza mental y f\u00edsica) en sentido de extensi\u00f3n y nunca contractivo.<\/p>\n<div id=\"attachment_91\" style=\"width: 255px\" class=\"wp-caption alignleft\"><a href=\"http:\/\/multiblog.educacion.navarra.es\/fpagolag\/files\/2011\/01\/AITHRW11.png\"><img aria-describedby=\"caption-attachment-91\" loading=\"lazy\" class=\"size-full wp-image-91\" src=\"http:\/\/multiblog.educacion.navarra.es\/fpagolag\/files\/2011\/01\/AITHRW11.png\" alt=\"Proyecci\u00f3n\" width=\"255\" height=\"305\" srcset=\"https:\/\/multiblog.educacion.navarra.es\/fpagolag\/files\/2011\/01\/AITHRW11.png 255w, https:\/\/multiblog.educacion.navarra.es\/fpagolag\/files\/2011\/01\/AITHRW11-250x300.png 250w\" sizes=\"(max-width: 255px) 100vw, 255px\" \/><\/a><p id=\"caption-attachment-91\" class=\"wp-caption-text\">Proyecci\u00f3n<\/p><\/div>\n<p>Es una extensi\u00f3n, expansi\u00f3n y liberaci\u00f3n f\u00edsicas y mentales. Un movimiento extensivo se debe realizar con naturalidad y con el firme mantenimiento de la concentraci\u00f3n y del equilibrio. Para realizar una t\u00e9cnica con eficacia es vital una funci\u00f3n coordinada, arm\u00f3nica, espont\u00e1nea y natural del cuerpo (los movimientos de la cadera, los desplazamientos de los pies, el manejo de las manos, etc&#8230;), la respiraci\u00f3n y la mente. Hay doce llaves fundamentales (IKKYO, NIKYO, SANKYO, YONKIO, GOKYO, SHIHONAGE, IRIMINAGE, KOTEGAESHI, TENCHINAGE, KAITENNAGE, KOKYUNAGE, que es la m\u00e1s sint\u00e9tica de todas, y KOSHIWAZA) y estas llaves b\u00e1sicas, aplic\u00e1ndose contra los m\u00e1s diversos ataques posibles, como presa de manos, agarre de solapa, golpe vertical, horizontal o lateral, de frente o por detr\u00e1s, ataque armado con cuchillo, espada o bast\u00f3n, o ataques simult\u00e1neos, etc&#8230;, se multiplican y desarrollan hasta m\u00e1s de dos mil t\u00e9cnicas distintas, o sea, infinitamente. Pero estas innumerables llaves obedecen sin excepci\u00f3n a una sencilla ley que se llama AIKI, Armon\u00eda o Realizaci\u00f3n de la Uni\u00f3n. Por ejemplo, si un atacante le viene a usted intentando golpearle de frente, usted no debe resistirle intentando parar el golpe, sino que le acompa\u00f1ar\u00e1 hacia la direcci\u00f3n en que corra su fuerza; as\u00ed, uni\u00e9ndose y armoniz\u00e1ndose con \u00e9l, le dirigir\u00e1, dibujando una trayectoria espiral alrededor de su propio centro de gravedad, y as\u00ed, finalmente, le devolver\u00e1 la fuerza agresiva a su autor.<\/p>\n<p style=\"text-align: justify\">Esta maniobra puede compararse, tal vez, con una ingeniosa canalizaci\u00f3n de agua: una corriente de agua, un\u00e9ndose con otra, aumenta su potencia, en vez de disminuirla chocando con ella; se dirige arm\u00f3nica y din\u00e1micamente hacia el or\u00edgen de \u00e9sta, vertiendo as\u00ed toda su energ\u00eda en ella. Seg\u00fan la variaci\u00f3n de la trayectoria que dibuja, este movimiento se llamar\u00e1 Shihonage, Iriminage, Kotegaeshi, etc&#8230; Este mecanismo se puede adaptar a cualquier otro tipo de ataque. Aqu\u00ed se revela que la din\u00e1mica del Aikido consiste en no tratar a un ser humano como una masa o un volumen determinado dimensionalmente, sino como una corriente en\u00e9rgica o KI. Sin embargo, el Aikido no se limita a ser una mera t\u00e9cnica de lucha ni un deporte. Es ante todo, un arte muy depurado; su est\u00e9tica se identifica con las m\u00e1s refinadas ramas del arte tradicional japones. Su sobriedad y dinamismo nos hacen recordar la pintura y escultura medievales; su sencillez y agudeza, la espada japonesa; su finura y elegancia, la cer\u00e1mica; su serenidad y pureza, la arquitectura y jardiner\u00eda. Es tambi\u00e9n una filosof\u00eda de la vida.<\/p>\n<p>El Aikido fu\u00e9 creado hace medio siglo por el Maestro <a title=\"Morihei Ueshiba\" href=\"http:\/\/es.wikipedia.org\/wiki\/Morihei_Ueshiba\" target=\"_blank\">MORIHEI UESHIBA<\/a> (1883-1969), una bella encarnaci\u00f3n de la espiritualidad japonesa:<\/p>\n<p style=\"text-align: justify\"><em>&#8220;&#8230; como AI (armon\u00eda) quiere decir tambi\u00e9n amor, decid\u00ed bautizarle como AIKIDO a mi \u00fanico BUDO.<\/em><\/p>\n<p style=\"text-align: justify\"><em>El verdadero Budo es una obra de amor. Consiste en dar la vida a todos los seres y no matarse o batirse. El Amor      es la divinidad que cuida de todo, que mira de todos. Nada existe sin \u00e9l. Aikido es el cumplimiento del amor.<\/em><\/p>\n<p style=\"text-align: justify\"><em>El secreto del Aikido es ponernos en armon\u00eda con el movimiento del Universo y ponernos de acuerdo con el      Universo mismo.<\/em><\/p>\n<p style=\"text-align: justify\"><em>El que ha adquirido el secreto del Aikido, contiene en s\u00ed mismo al  Universo y puede decir: \u00a1Soy el Universo!. Por r\u00e1pido que sea mi  enemigo, nunca soy vencido. No es porque mi t\u00e9cnica sea m\u00e1s r\u00e1pida que  la de mi adversario, no es una cuesti\u00f3n de velocidad; el combate est\u00e1  terminado antes de haber empezado. Cuando el enemigo trata de       combatirme a m\u00ed, que soy el Universo, tiene que romper la armon\u00eda del  Universo. Por este hecho, en el momento en      que decide combatirme,  ya est\u00e1 vencido. El tiempo no puede medirse, ni en rapidez, ni en  lentitud&#8230; El Aikido no resiste nunca; por tanto, el Aikido es siempre  victorioso&#8230; Lo que es preciso en el Aikido es querer servir la paz  para todos los seres humanos y no entrenarse y desear la fuerza con el  \u00fanico f\u00edn de querer vencer al adversario&#8230;&#8221;<\/em><\/p>\n<p style=\"text-align: right\">De la <strong><em>Memoria del Maestro Morihei Ueshiba<\/em><\/strong><\/p>\n<p style=\"text-align: justify\">Estas son las palabras del fundador del Aikido. Estas son sus confesiones. Estas ideas, que son la conclusi\u00f3n del hombre que ha atravesado el largo y duro camino del crudo antagonismo, lo cual ha sido superado por \u00e9l finalmente, no debe estar lejos de la Ramakrishana o de Gandhi. En este momento, su Budo dej\u00f3 de ser una mera t\u00e9cnica de combatir y pas\u00f3 a ser un Camino Constructivo, y as\u00ed naci\u00f3 el AIKIDO.<\/p>\n<p style=\"text-align: right\"><a title=\"Yasunari Kitaura\" href=\"http:\/\/www.aikiryucorbeil.org\/uchi-deshi\/yasunari-kitaura.htm\" target=\"_blank\"><strong>YASUNARI KITAURA<\/strong><\/a><br \/>\n8\u00ba Dan Shihan<br \/>\nDelegado del <a title=\"Aikikai\" href=\"http:\/\/es.wikipedia.org\/wiki\/Aikikai\" target=\"_blank\">AIKIKAI<\/a> en Espa\u00f1a<\/p>\n<p style=\"text-align: justify\">\n<p style=\"text-align: justify\">\n","protected":false},"excerpt":{"rendered":"<p>&#8220;Un movimiento del Aikido tiene, con frecuencia, una trayectoria espiral o esf\u00e9rica&#8230;&#8221; El Aikido es una magn\u00edfica s\u00edntesis de las Artes Marciales del Jap\u00f3n. En \u00e9l se ve cristalizada la larga e intensa tradici\u00f3n del Budo (el Camino del Samurai). Es una aut\u00e9ntica ciencia del combate. La t\u00e9cnica del Aikido consiste en el m\u00e1ximo aprovechamiento &hellip; <\/p>\n<p><a class=\"more-link btn\" href=\"https:\/\/multiblog.educacion.navarra.es\/fpagolag\/aikido\/\">Continue reading<\/a><\/p>\n","protected":false},"author":108,"featured_media":0,"parent":0,"menu_order":4,"comment_status":"open","ping_status":"open","template":"","meta":[],"_links":{"self":[{"href":"https:\/\/multiblog.educacion.navarra.es\/fpagolag\/wp-json\/wp\/v2\/pages\/78"}],"collection":[{"href":"https:\/\/multiblog.educacion.navarra.es\/fpagolag\/wp-json\/wp\/v2\/pages"}],"about":[{"href":"https:\/\/multiblog.educacion.navarra.es\/fpagolag\/wp-json\/wp\/v2\/types\/page"}],"author":[{"embeddable":true,"href":"https:\/\/multiblog.educacion.navarra.es\/fpagolag\/wp-json\/wp\/v2\/users\/108"}],"replies":[{"embeddable":true,"href":"https:\/\/multiblog.educacion.navarra.es\/fpagolag\/wp-json\/wp\/v2\/comments?post=78"}],"version-history":[{"count":0,"href":"https:\/\/multiblog.educacion.navarra.es\/fpagolag\/wp-json\/wp\/v2\/pages\/78\/revisions"}],"wp:attachment":[{"href":"https:\/\/multiblog.educacion.navarra.es\/fpagolag\/wp-json\/wp\/v2\/media?parent=78"}],"curies":[{"name":"wp","href":"https:\/\/api.w.org\/{rel}","templated":true}]}}