


{"id":953,"date":"2012-10-07T14:09:01","date_gmt":"2012-10-07T12:09:01","guid":{"rendered":"http:\/\/multiblog.educacion.navarra.es\/agutierr\/?page_id=953"},"modified":"2012-10-07T20:13:46","modified_gmt":"2012-10-07T18:13:46","slug":"primer-ciclo","status":"publish","type":"page","link":"https:\/\/multiblog.educacion.navarra.es\/agutierr\/primer-ciclo\/","title":{"rendered":"Primer ciclo"},"content":{"rendered":"<p><a href=\"http:\/\/multiblog.educacion.navarra.es\/agutierr\/primer-ciclo\/educacion-fisica\/\" target=\"_blank\"><span style=\"color: #ff6600\">EDUCACI\u00d3N F\u00cdSICA<\/span><\/a><\/p>\n<p><span style=\"color: #3366ff\"><span style=\"color: #3366ff\"><a href=\"http:\/\/multiblog.educacion.navarra.es\/agutierr\/primer-ciclo\/matematicas\/\" target=\"_blank\">MATEM\u00c1TICAS<\/a><\/span><\/span><\/p>\n<p><span style=\"color: #ff0000\">LENGUA<\/span><\/p>\n<p><span style=\"color: #339966\">CONOCIMIENTO DEL MEDIO<\/span><\/p>\n","protected":false},"excerpt":{"rendered":"<p>EDUCACI\u00d3N F\u00cdSICA MATEM\u00c1TICAS LENGUA CONOCIMIENTO DEL MEDIO<\/p>\n","protected":false},"author":70,"featured_media":0,"parent":0,"menu_order":1,"comment_status":"open","ping_status":"open","template":"","meta":[],"_links":{"self":[{"href":"https:\/\/multiblog.educacion.navarra.es\/agutierr\/wp-json\/wp\/v2\/pages\/953"}],"collection":[{"href":"https:\/\/multiblog.educacion.navarra.es\/agutierr\/wp-json\/wp\/v2\/pages"}],"about":[{"href":"https:\/\/multiblog.educacion.navarra.es\/agutierr\/wp-json\/wp\/v2\/types\/page"}],"author":[{"embeddable":true,"href":"https:\/\/multiblog.educacion.navarra.es\/agutierr\/wp-json\/wp\/v2\/users\/70"}],"replies":[{"embeddable":true,"href":"https:\/\/multiblog.educacion.navarra.es\/agutierr\/wp-json\/wp\/v2\/comments?post=953"}],"version-history":[{"count":0,"href":"https:\/\/multiblog.educacion.navarra.es\/agutierr\/wp-json\/wp\/v2\/pages\/953\/revisions"}],"wp:attachment":[{"href":"https:\/\/multiblog.educacion.navarra.es\/agutierr\/wp-json\/wp\/v2\/media?parent=953"}],"curies":[{"name":"wp","href":"https:\/\/api.w.org\/{rel}","templated":true}]}}