


{"id":47,"date":"2014-10-26T11:18:01","date_gmt":"2014-10-26T11:18:01","guid":{"rendered":"http:\/\/multiblog.educacion.navarra.es\/acabreja\/?page_id=47"},"modified":"2014-10-26T11:54:09","modified_gmt":"2014-10-26T11:54:09","slug":"huerto-ecologico-escolar","status":"publish","type":"page","link":"https:\/\/multiblog.educacion.navarra.es\/acabreja\/huerto-ecologico-escolar\/","title":{"rendered":"Huerto ecol\u00f3gico escolar"},"content":{"rendered":"<p>Preparaci\u00f3n del terreno y finalizaci\u00f3n del montaje del invernadero. \u00c1nimo chic@s\u00a1<\/p>\n<p><a href=\"http:\/\/multiblog.educacion.navarra.es\/acabreja\/files\/2014\/10\/IMG_5713.jpg\"><img loading=\"lazy\" class=\"alignnone size-medium wp-image-25\" src=\"http:\/\/multiblog.educacion.navarra.es\/acabreja\/files\/2014\/10\/IMG_5713-300x225.jpg\" alt=\"IMG_5713\" width=\"300\" height=\"225\" \/><\/a><a href=\"http:\/\/multiblog.educacion.navarra.es\/acabreja\/files\/2014\/10\/IMG_5712.jpg\"><img loading=\"lazy\" class=\"alignnone size-medium wp-image-24\" src=\"http:\/\/multiblog.educacion.navarra.es\/acabreja\/files\/2014\/10\/IMG_5712-300x225.jpg\" alt=\"IMG_5712\" width=\"300\" height=\"225\" \/><\/a><a href=\"http:\/\/multiblog.educacion.navarra.es\/acabreja\/files\/2014\/10\/IMG_5711.jpg\"><img loading=\"lazy\" class=\"alignnone size-medium wp-image-23\" src=\"http:\/\/multiblog.educacion.navarra.es\/acabreja\/files\/2014\/10\/IMG_5711-300x225.jpg\" alt=\"IMG_5711\" width=\"300\" height=\"225\" \/><\/a><a href=\"http:\/\/multiblog.educacion.navarra.es\/acabreja\/files\/2014\/10\/IMG_5710.jpg\"><img loading=\"lazy\" class=\"alignnone size-medium wp-image-22\" src=\"http:\/\/multiblog.educacion.navarra.es\/acabreja\/files\/2014\/10\/IMG_5710-300x225.jpg\" alt=\"IMG_5710\" width=\"300\" height=\"225\" \/><\/a><a href=\"http:\/\/multiblog.educacion.navarra.es\/acabreja\/files\/2014\/10\/IMG_5714.jpg\"><img loading=\"lazy\" class=\"alignnone size-medium wp-image-7\" src=\"http:\/\/multiblog.educacion.navarra.es\/acabreja\/files\/2014\/10\/IMG_5714-300x225.jpg\" alt=\"IMG_5714\" width=\"300\" height=\"225\" \/><\/a><a href=\"http:\/\/multiblog.educacion.navarra.es\/acabreja\/files\/2014\/10\/IMG_5709.jpg\"><img loading=\"lazy\" class=\"alignnone size-medium wp-image-21\" src=\"http:\/\/multiblog.educacion.navarra.es\/acabreja\/files\/2014\/10\/IMG_5709-300x225.jpg\" alt=\"IMG_5709\" width=\"300\" height=\"225\" \/><\/a><a href=\"http:\/\/multiblog.educacion.navarra.es\/acabreja\/files\/2014\/10\/IMG_5708.jpg\"><img loading=\"lazy\" class=\"alignnone size-medium wp-image-20\" src=\"http:\/\/multiblog.educacion.navarra.es\/acabreja\/files\/2014\/10\/IMG_5708-300x225.jpg\" alt=\"IMG_5708\" width=\"300\" height=\"225\" \/><\/a><a href=\"http:\/\/multiblog.educacion.navarra.es\/acabreja\/files\/2014\/10\/IMG_5707.jpg\"><img loading=\"lazy\" class=\"alignnone size-medium wp-image-19\" src=\"http:\/\/multiblog.educacion.navarra.es\/acabreja\/files\/2014\/10\/IMG_5707-300x225.jpg\" alt=\"IMG_5707\" width=\"300\" height=\"225\" \/><\/a><a href=\"http:\/\/multiblog.educacion.navarra.es\/acabreja\/files\/2014\/10\/IMG_5706.jpg\"><img loading=\"lazy\" class=\"alignnone size-medium wp-image-18\" src=\"http:\/\/multiblog.educacion.navarra.es\/acabreja\/files\/2014\/10\/IMG_5706-300x225.jpg\" alt=\"IMG_5706\" width=\"300\" height=\"225\" \/><\/a><a href=\"http:\/\/multiblog.educacion.navarra.es\/acabreja\/files\/2014\/10\/IMG_5705.jpg\"><img loading=\"lazy\" class=\"alignnone size-medium wp-image-14\" src=\"http:\/\/multiblog.educacion.navarra.es\/acabreja\/files\/2014\/10\/IMG_5705-300x225.jpg\" alt=\"ZANJA DEL INVERNADERO\" width=\"300\" height=\"225\" \/><\/a><a href=\"http:\/\/multiblog.educacion.navarra.es\/acabreja\/files\/2014\/10\/IMG_5704.jpg\"><img loading=\"lazy\" class=\"alignnone size-medium wp-image-11\" src=\"http:\/\/multiblog.educacion.navarra.es\/acabreja\/files\/2014\/10\/IMG_5704-300x225.jpg\" alt=\"INVERNADERO\" width=\"300\" height=\"225\" \/><\/a><\/p>\n","protected":false},"excerpt":{"rendered":"<p>Preparaci\u00f3n del terreno y finalizaci\u00f3n del montaje del invernadero. \u00c1nimo chic@s\u00a1<\/p>\n","protected":false},"author":281,"featured_media":0,"parent":0,"menu_order":0,"comment_status":"open","ping_status":"open","template":"","meta":[],"_links":{"self":[{"href":"https:\/\/multiblog.educacion.navarra.es\/acabreja\/wp-json\/wp\/v2\/pages\/47"}],"collection":[{"href":"https:\/\/multiblog.educacion.navarra.es\/acabreja\/wp-json\/wp\/v2\/pages"}],"about":[{"href":"https:\/\/multiblog.educacion.navarra.es\/acabreja\/wp-json\/wp\/v2\/types\/page"}],"author":[{"embeddable":true,"href":"https:\/\/multiblog.educacion.navarra.es\/acabreja\/wp-json\/wp\/v2\/users\/281"}],"replies":[{"embeddable":true,"href":"https:\/\/multiblog.educacion.navarra.es\/acabreja\/wp-json\/wp\/v2\/comments?post=47"}],"version-history":[{"count":0,"href":"https:\/\/multiblog.educacion.navarra.es\/acabreja\/wp-json\/wp\/v2\/pages\/47\/revisions"}],"wp:attachment":[{"href":"https:\/\/multiblog.educacion.navarra.es\/acabreja\/wp-json\/wp\/v2\/media?parent=47"}],"curies":[{"name":"wp","href":"https:\/\/api.w.org\/{rel}","templated":true}]}}