


{"id":148,"date":"2015-01-25T12:37:51","date_gmt":"2015-01-25T12:37:51","guid":{"rendered":"http:\/\/multiblog.educacion.navarra.es\/acabreja\/?page_id=148"},"modified":"2015-01-25T18:31:43","modified_gmt":"2015-01-25T18:31:43","slug":"erin-brockovich","status":"publish","type":"page","link":"https:\/\/multiblog.educacion.navarra.es\/acabreja\/residuos\/erin-brockovich\/","title":{"rendered":"ERIN BROCKOVICH"},"content":{"rendered":"<p style=\"text-align: center\">En esta ocasi\u00f3n les toca el turno al alumnado de 4\u00ba de ESO, concretamente en la materia TVA (tr\u00e1nsito a la vida activa).<\/p>\n<p style=\"text-align: center\">Con la pel\u00edcula Erin Brockovich, vamos a trabajar diferentes aspectos relacionados con el mundo laboral y el medio ambiente, en concreto:<\/p>\n<ul>\n<li style=\"text-align: left\">El agua como recurso indispensable para la vida y los peligros que supone la contaminaci\u00f3n de este recurso.<\/li>\n<li style=\"text-align: left\">Facilidad con que pueden deteriorarse los recursos naturales como consecuencia de un uso irresponsables de los mismos.<\/li>\n<li style=\"text-align: left\">Compromiso entre el bien com\u00fan y los intereses de los particulares y las empresas.<\/li>\n<li style=\"text-align: left\">Responsabilidad personal, de los poderes legislativos y de las empresas para preservar el medio ambiente.<\/li>\n<li style=\"text-align: left\">Fuente:<a href=\"http:\/\/www.csi-csif.es\/andalucia\/modules\/mod_ense\/revista\/pdf\/Numero_23\/FRANCISCO_BRAVO_2.pdf\">http:\/\/www.csi-csif.es\/andalucia\/modules\/mod_ense\/revista\/pdf\/Numero_23\/FRANCISCO_BRAVO_2.pdf<\/a><\/li>\n<\/ul>\n<p>&nbsp;<\/p>\n<p style=\"text-align: center\"><a href=\"http:\/\/multiblog.educacion.navarra.es\/acabreja\/files\/2015\/01\/Captura3.png\"><img loading=\"lazy\" class=\"alignnone  wp-image-149\" src=\"http:\/\/multiblog.educacion.navarra.es\/acabreja\/files\/2015\/01\/Captura3-208x300.png\" alt=\"Captura3\" width=\"312\" height=\"441\" \/><\/a><\/p>\n<p style=\"text-align: center\">Adem\u00e1s con esta pel\u00edcula podemos reflexionar sobre los obst\u00e1culos que deben afrontar y las dificultades a las que a\u00fan se enfrentan las mujeres para conseguir un trabajo. Destacando los prejuicios y los estereotipos que todav\u00eda influyen en la contrataci\u00f3n personal y en la convivencia dentro de las compa\u00f1\u00edas, los despachos y las oficinas.<\/p>\n<p style=\"text-align: center\">\n<p style=\"text-align: center\">Pod\u00e9is ver el trailer en versi\u00f3n original en el siguiente enlace:<\/p>\n<p style=\"text-align: center\">\n<p>https:\/\/www.youtube.com\/watch?v=_2GvrAQMNoU<\/p>\n<p style=\"text-align: center\"><!-- [if gte vml 1]&gt;--><\/p>\n<p><!-- [if !vml]--><img loading=\"lazy\" src=\"\\Users\\PROPIE~1\\AppData\\Local\\Temp\\msohtml11\\clip_image002.jpg\" alt=\"\" width=\"290\" height=\"384\" align=\"left\" hspace=\"12\" \/><!--[endif]--><\/p>\n","protected":false},"excerpt":{"rendered":"<p>En esta ocasi\u00f3n les toca el turno al alumnado de 4\u00ba de ESO, concretamente en la materia TVA (tr\u00e1nsito a la vida activa). Con la pel\u00edcula Erin Brockovich, vamos a trabajar diferentes aspectos relacionados con el mundo laboral y el medio ambiente, en concreto: El agua como recurso indispensable para la vida y los peligros que supone la contaminaci\u00f3n de<\/p>\n","protected":false},"author":281,"featured_media":0,"parent":134,"menu_order":0,"comment_status":"open","ping_status":"open","template":"","meta":[],"_links":{"self":[{"href":"https:\/\/multiblog.educacion.navarra.es\/acabreja\/wp-json\/wp\/v2\/pages\/148"}],"collection":[{"href":"https:\/\/multiblog.educacion.navarra.es\/acabreja\/wp-json\/wp\/v2\/pages"}],"about":[{"href":"https:\/\/multiblog.educacion.navarra.es\/acabreja\/wp-json\/wp\/v2\/types\/page"}],"author":[{"embeddable":true,"href":"https:\/\/multiblog.educacion.navarra.es\/acabreja\/wp-json\/wp\/v2\/users\/281"}],"replies":[{"embeddable":true,"href":"https:\/\/multiblog.educacion.navarra.es\/acabreja\/wp-json\/wp\/v2\/comments?post=148"}],"version-history":[{"count":0,"href":"https:\/\/multiblog.educacion.navarra.es\/acabreja\/wp-json\/wp\/v2\/pages\/148\/revisions"}],"up":[{"embeddable":true,"href":"https:\/\/multiblog.educacion.navarra.es\/acabreja\/wp-json\/wp\/v2\/pages\/134"}],"wp:attachment":[{"href":"https:\/\/multiblog.educacion.navarra.es\/acabreja\/wp-json\/wp\/v2\/media?parent=148"}],"curies":[{"name":"wp","href":"https:\/\/api.w.org\/{rel}","templated":true}]}}